ose -72*o + 19258883 + 65206744 = 69*o. Is o prime?
False
Let z(u) = 1124*u + 153. Is z(11) a prime number?
True
Let v(m) = 2453*m**2 + m - 1. Suppose 18*j + 8 = 26*j. Is v(j) a composite number?
True
Let c be -2*(-2)/((-9)/(-3) + -2). Suppose -c*u - s = -4059, 9*u - 5*s - 5080 = 4*u. Suppose -4*a = a - u. Is a a composite number?
True
Is 64/(-160) - (-8716722)/30 composite?
False
Let x(q) be the second derivative of 4*q**2 + 0 - 2*q - 2/3*q**3 + 3/4*q**4. Is x(-5) prime?
False
Let m be 946/110 + 3/(-5). Suppose m*w - 5*w = 3507. Is w a prime number?
False
Is 2302653/6*(-9 - -11) a prime number?
True
Is 43126899/317 + (-1)/1 + 9 composite?
True
Let b(n) = -61*n - 13. Suppose 0 = -17*i + 40 + 113. Let x be b(i). Let f = -191 - x. Is f a composite number?
True
Suppose -2*z - 94 = -5*t, -3*t = -5*z - 27 - 37. Suppose -23*o = -t*o - 26905. Is o composite?
False
Let c(f) = -5*f**3 + 4*f**2 + 11*f + 15. Let k(i) = 4*i**3 - 4*i**2 - 10*i - 15. Let j(r) = -6*c(r) - 7*k(r). Is j(4) a composite number?
False
Suppose 0 = 2*a + 3*u - 2*u - 324522, a - 162247 = 3*u. Is a prime?
False
Suppose y + 17 + 10 = 0. Let p be (-266901)/y - 3/(108/8). Suppose -9*s + p = -6*s. Is s composite?
True
Let w = 0 - -3. Let a(k) = 296*k**3 + 49*k**3 + 161*k**w - k**2. Is a(1) a prime number?
False
Is 10065 - (-21)/63*-6 a composite number?
True
Let p be 42 - (-4 + (5 - 4)). Let r(n) = 157*n**2 - 4*n + 7 - 25*n**2 + p*n**2. Is r(2) composite?
True
Let k(h) = h**3 + 9*h**2 + 8. Let z be k(-9). Suppose -2*v + z = 0, w + 4*v = 1 + 17. Suppose -u - 911 = -w*u. Is u a prime number?
True
Let f = 60 - 53. Is (2 - (-12)/(-8))/(f/10346) a prime number?
True
Let v(c) = -26*c**2 - 8*c + 39. Let u be v(7). Let h = 8112 + u. Is h composite?
True
Suppose d = -y + 148621, 135*y = 3*d + 139*y - 445865. Is d prime?
False
Suppose d + 1 = 0, 0*n - 4*d = -3*n + 1288. Let a = n + 767. Is a a composite number?
True
Let x(q) = 1880*q - 101. Is x(6) prime?
False
Let n = 160 + -155. Suppose 4*u + n*t - 5567 - 846 = 0, 0 = 3*t - 15. Is u a composite number?
False
Suppose 28*r = 17*r. Suppose r = -2*k + 2*j - 8434, 3*j + 0*j = -4*k - 16868. Let t = 6706 + k. Is t composite?
True
Let p(c) = 4*c**2 - 65*c - 105. Suppose 11*a + 124 - 432 = 0. Is p(a) composite?
True
Let d be (-2 + 347)/(1/1). Suppose 0 = 244*t - 209*t + 6510. Let y = d + t. Is y composite?
True
Let o(f) = 467*f + 1765. Is o(20) a prime number?
False
Let r(q) = 21*q - 20. Let y(m) = 5*m - 5. Let n(h) = -2*r(h) + 9*y(h). Let l be n(2). Let k = 47 - l. Is k a prime number?
False
Let a = 25 - 24. Let o be 28/(-7) - (-6 + a). Is (-34 - (4 - o))*-11 a prime number?
False
Let w(z) = 79*z - 45. Suppose 4*a = -4*o - 56, -5*a - 73 = 3*o + 1. Let g = a + 30. Is w(g) prime?
True
Suppose -5*n = 4*p - 82999, -7*n + 10*p - 7*p = -116233. Is n a composite number?
False
Suppose 66607 = -3*a + 4*x, 6*x - x = -3*a - 66652. Let c = a - -34442. Is c a prime number?
False
Suppose -14*h = -3 + 1809. Let d = 270 + h. Let x = d + 230. Is x a composite number?
True
Let b = 128 - 463. Let r = b + 968. Is r composite?
True
Is 43555 - (-16 + 11 + 1) prime?
False
Let k(c) = -3*c - 6. Let p(s) = -4*s - 6. Let h(x) = -5*k(x) + 4*p(x). Let d be h(6). Suppose d = 13*y - 3*y - 6410. Is y a prime number?
True
Suppose 12*j = 6*j - 22164. Let y be (1 - j/(-10))/((-18)/120). Is (0 - 1)*(4 + -7 - y) a composite number?
False
Let j = -119 + 114. Let f(y) = -141*y**3 + 2*y**2 + 9*y + 17. Is f(j) a composite number?
True
Suppose -q + c + 39939 = 3*q, 0 = -3*q + 5*c + 29967. Suppose -4*p = 4*x + q, 3*x - 2*p = 6*x + 7491. Let l = x - -6920. Is l a composite number?
False
Let x be 0/(2/(-6)*(-3 - -6)). Let u be 0 - (1 - x - 4). Suppose -5*k = 4*p - 670, -5*p + 0*p = -u*k + 402. Is k a prime number?
False
Let m(g) = -7962*g + 3059. Is m(-22) a prime number?
True
Suppose 5*o = 3*x - 32, 2*o + 4*x = -7 + 15. Let n be 676/(-78) + o/(-6). Is 2090/1 - (n - -3) composite?
True
Let v(q) = -634*q**3 - 33*q**2 - 33*q - 71. Is v(-9) composite?
True
Suppose 681071 = -10*o - 4*o + 31*o. Is o a prime number?
True
Suppose -15 = -3*j - 5*m + 15, 3*j - 21 = -2*m. Suppose 3*w - 6*v + 2*v = 10779, -17965 = -j*w + v. Is w a composite number?
False
Suppose -5*x + 187 = -2298. Suppose -310 = d + x. Let u = -362 - d. Is u prime?
False
Let t be 2 + 75/5 - 1. Suppose 3*o = -4*l + 19817, 0 = -11*o + t*o - l - 32990. Is o a composite number?
False
Suppose 32*c - 52776 = 24*c. Let m = 15836 - c. Is m a composite number?
False
Suppose -54 = 3*c - 78. Let u(h) = -2*h**2 + 15*h + 16. Let f be u(c). Is (f + -89 - (-2)/1)/(-1) a prime number?
True
Let r(k) = 17646*k**2 + 3*k - 3. Let m be r(-3). Suppose 5*p = -2*i - m, p - 4*i - 15412 = -47168. Is ((-2)/(-5))/((-16)/p) a composite number?
True
Suppose -32*o + 5072524 = -o - 3660982. Is o a composite number?
True
Let q(p) = 118*p**3 + 14*p**2 - 3*p + 6. Let g be q(7). Suppose g + 89560 = 5*v. Is v a prime number?
True
Let c be ((-6)/(-8))/(1/4) + -43. Let n = c - -34. Is (-4)/n*(4186/4 - 1) composite?
True
Let d = 28714 - -28309. Is d a composite number?
True
Let w(r) = 1217*r**2 + 8*r + 9. Let u be w(-1). Let p be 1/(-2) + 1563/6. Suppose 5*f = 2*g + 1279 + p, 4*f = -5*g + u. Is f prime?
True
Let i(l) = l**2 + 7*l + 5. Let y(m) = -2*m**2 - 13*m - 13. Let n be y(-6). Let w be i(n). Suppose -3663 - 382 = -w*t. Is t a composite number?
False
Let w(d) = d**2 + 3*d - 3. Let y be w(-3). Let b be ((-2)/2 - 1) + y + 5. Suppose -p - p + 238 = b. Is p composite?
True
Let w(i) be the first derivative of -i**4/4 - 13*i**3/3 - 18*i + 30. Let g be w(-13). Is g/27 + 2710/6 prime?
False
Let o = -33788 - -50195. Let t = o + -598. Is t prime?
True
Let l(t) be the second derivative of 5/2*t**2 + 19/12*t**4 + 3*t**3 - 1/20*t**5 + 0 - 10*t. Is l(19) composite?
False
Let a(j) = 14*j**2 - 4*j + 7. Let n be a(-4). Is 173238/38 - (-7 + 1703/n) a composite number?
True
Let k(o) = -2*o**3 + o**2 + 38*o - 106. Let t = 603 - 624. Is k(t) prime?
True
Suppose -5*b = 5*c - 128150, 2*b + 565 = 551. Is c prime?
False
Suppose 0 = -b + 4*b - 12. Suppose 7*h - 67044 = -b*l + 3*h, -50283 = -3*l + 2*h. Let d = l + -10780. Is d a prime number?
True
Let r = -368591 - -782244. Is r a composite number?
False
Let c = 76528 - 28157. Is c a composite number?
False
Let x be (-2)/(-8) + 570/120. Suppose -2*o + 5011 = x*w, 3*o - 2*w = -4578 + 12085. Is o a prime number?
True
Let b(k) = -12*k**2 + 9 - 21*k**2 + 32*k**2 - 2*k. Let u be b(-4). Suppose -r + 0 = -u, -2*q = -r - 7365. Is q prime?
False
Let x = 9 + -3. Suppose 5*l - 36207 = 3*j, 3*l + 3*j - 36183 = -2*l. Is (l/x)/((-6)/(-12)) a prime number?
False
Let a(z) = z**3 - 6*z**2 + 2*z - 9. Let s = 28 + -22. Let y be a(s). Suppose 990 = y*t - 3975. Is t a prime number?
False
Suppose 4*g - 4*y = 231612, -273*g + 271*g = -3*y - 115810. Is g a composite number?
False
Suppose -2*i + 8 = 0, 0 = 11*h - 8*h - 3*i - 64674. Is h prime?
False
Suppose 20*z + 166486 = 22*z - 3*s, -z + 4*s = -83243. Is z prime?
True
Let o = -126101 + 329220. Is o a composite number?
True
Let a(q) = 11678*q**3 - 10*q**2 + 11*q - 1. Let m(c) = -c**3 + c**2 + 18*c + 19. Let g be m(-3). Is a(g) composite?
True
Let n = 540 - 520. Is 3/12*-3 + 64475/n a prime number?
False
Let a be ((-18)/15)/6 + (-4836)/(-5). Let u = a - 497. Let i = u + -259. Is i a prime number?
True
Let h(y) = y**3. Let b(l) = 3*l**3 - l + 15. Let c(i) = b(i) - 6*h(i). Suppose -4*j + f - 18 = 0, 0*f + 5*f = 2*j. Is c(j) composite?
True
Let j(i) = -3*i**3 - 33*i**2 - 113*i + 3. Is j(-20) a composite number?
False
Let p(f) = -38*f - 54. Let d be p(28). Let m = d + 4039. Is m a prime number?
False
Let t = -45284 - -108747. Is t a composite number?
False
Suppose 10*b - 7*b + 101*b - 36871432 = 0. Is b composite?
False
Suppose -6*k = -4*k + 1544. Let o = k - -1170. Suppose 3*x - 307 - o = 0. Is x a prime number?
False
Suppose 3*i - 17475 = -2934. Let n = i + 300. Is n prime?
True
Let b = -330663 - -980686. Is b a prime number?
False
Let v(h) be the third derivative of 214*h**4/3 - 61*h**3/6 - 7*h**2. Is v(6) a composite number?
False
Suppose 23*b = 9357 + 740. Is b composite?
False
Let o = -2372 - -4197. Let t be 6/(0 + 4 + -2). Suppose o = 3*p - 2*p - d, 2*p - 3652 = t*d. Is p a composite number?
False
Suppose 8*y = 10*y + 